2*y = -d + 5. What is the units digit of y?
6
What is the hundreds digit of 176/572 + (-492909)/(-39)?
6
Let h = -188 - -200. Suppose h*n = 5*n + 1925. What is the tens digit of n?
7
Suppose 62 = -23*o + 25*o. Let i = -36 + o. What is the tens digit of 12/i + 2 + 1236/15?
8
Let f = 158881 + -113314. What is the ten thousands digit of f?
4
Let m be (1/2)/(((-45)/(-10))/9). What is the units digit of 6/15 + m + 4812/20?
2
Suppose 4699 = -3*r - 5*l + 19986, 5*r + l = 25449. What is the tens digit of r?
8
Suppose 6*n - 63 = 63. Let k(q) = -q**2 + 23*q - 39. Let f be k(n). Suppose f*m = -4*h + 438, -7*m + 3*m = -4*h - 556. What is the tens digit of m?
4
Let n = -39866 - -69809. What is the hundreds digit of n?
9
What is the hundreds digit of 17575152/1512 - (40/(-18) - -2)?
6
Let c = -50 - -77. Suppose -10 + 1 = 2*o - 5*s, 5*o + 4*s = c. Suppose o*l - 115 = 371. What is the hundreds digit of l?
1
Let l be -13*(-1 + 0 + 8). Let w = l + 643. What is the units digit of w?
2
Suppose -4*s = 5*p + 252, 3*s = -s + 8. Let c = p - -50. Let z = c + 18. What is the tens digit of z?
1
Suppose 44*a - 1848596 - 766984 = 0. What is the tens digit of a?
4
Suppose -a = h - 167, 844 = 2*a + 3*a - 4*h. Let j = -108 + 208. Let g = a - j. What is the tens digit of g?
6
Let h(f) = f**3 - 36*f**2 - 41*f + 73. What is the hundreds digit of h(42)?
9
Suppose -139262 = -35*i + 344141 + 287507. What is the thousands digit of i?
2
Suppose 217*k - 139860 = -3*o + 221*k, 5*o - 5*k = 233105. What is the units digit of o?
4
Suppose 3*b + 364 = 2*q, b + 261 + 103 = 2*q. Let y(s) = 53*s - 4. Let r be y(6). Suppose -2*o + o + q = 4*d, -2*o + 2*d = -r. What is the units digit of o?
2
Let c(u) = 10255*u**2 - 249*u. What is the thousands digit of c(1)?
0
Let d be (2/(-2) - -2)*-1 + -3. Let b be 285/38*d/(-6). Suppose -4*w - b*w = -945. What is the units digit of w?
5
Suppose 5*j - 3*u = 81, 8*u - 6 = -j + 12*u. Let y(n) = -1740*n**3 - n**2 + 2*n. Let d be y(2). What is the tens digit of 4/j - d/54?
5
Let x be (-6 - -40)*4 + 4. Suppose -147*f = -x*f - 4312. What is the hundreds digit of f?
6
What is the tens digit of 292/(-4)*355/71*(-1 + -154)?
7
What is the tens digit of (3/(-5)*(-570)/228)/((-6)/(-22976))?
4
Let d(y) be the first derivative of -3*y - 1/4*y**4 + 3*y**3 + 10 + y**2. What is the tens digit of d(8)?
7
What is the units digit of ((-23855)/2 + (-23 - -32))/((-4)/16)?
4
Let d(m) = -4*m + 6 + 2*m - 2*m + m**2 - 6*m. Let l be d(7). What is the tens digit of (5/(l/6))/(6/(-33))?
1
Suppose -5*z - 757 = -22027. Suppose -8*o + z = -2*o. What is the hundreds digit of o?
7
Let u(h) = -h**3 - 21*h**2 + 22*h - 2. Let k be u(-23). What is the hundreds digit of -6 + 2 + k + 3?
5
Suppose 3*k + 16 = -m, -8*m + 4 = -4*m - 5*k. Let p(u) = 4*u**2 - 6*u - 19. What is the tens digit of p(m)?
6
Suppose 4*d + 42 - 38 = 0. Let w be (156/d + 1)*-1. Suppose -135 = f - 2*f - a, -f - 5*a = -w. What is the hundreds digit of f?
1
Let q(m) = 2407*m**3 + 25*m - 24. What is the thousands digit of q(1)?
2
Suppose 75*p = 63*p + 708. Suppose 0 = -p*j + 26*j + 45507. What is the thousands digit of j?
1
Let k = -1308 + 2130. What is the units digit of k?
2
What is the hundreds digit of (7/(-2) - -3) + (-6488550)/(-180)?
0
Let g be -1 + (-4)/(-4) - (-1 - 3). Suppose -p + 15 = 8*w - 3*w, 3*w + 14 = g*p. Suppose -p*n + 190 + 445 = 0. What is the tens digit of n?
2
Suppose 344 = -7*b + 3207. Let g = -33 + b. What is the tens digit of g?
7
Let z = -62 + 80. Suppose 4*g + 6 = -z. Let h = -2 - g. What is the units digit of h?
4
Let i be 4/(-18) - (-160)/72. What is the units digit of (3 + (-2 - -105))*5/i?
5
Let z(y) = y**3 + 25*y**2 - 27*y - 29. Let v be (-800)/45 + -8 + (-4)/18. Let x be z(v). What is the hundreds digit of -699*1/x - 4?
2
Suppose 186*x - 45 = 181*x. Suppose -4*z = -3*m + 1222, -2*z - 2018 = -x*m + 4*m. What is the hundreds digit of m?
4
Let h be 4/(-12) + (-10)/(-15)*2. What is the hundreds digit of (((-120)/25)/2)/(h/(-105))?
2
Suppose -9*w = -12*w + g - 23687, 23689 = -3*w - g. What is the hundreds digit of (w/63)/(-2 - 10/(-6))?
3
Let n = -60 + 66. What is the tens digit of 4/n + 309*114/54?
5
Let d(y) = -1102*y + 1626. What is the hundreds digit of d(-9)?
5
Let n be (-50)/50*(1242 + -1*1). Let d = -777 - n. What is the hundreds digit of d?
4
Let c be 68*(-6)/(-72) - (-8)/6. Let u be 10/(-4)*8/(-10). Suppose 292 = 3*j - o, -3*j + c*o = u*o - 284. What is the units digit of j?
8
Suppose -3*w + 2*k + 2830 = 0, 12*k - 1908 = -2*w + 8*k. What is the units digit of w?
6
Let x be 234/24 - (-8)/32. Let b(p) = 90*p - 233. What is the tens digit of b(x)?
6
Let s be 0/11 + 0 + 0. Let u = 3 + 4. Suppose u*n - n - 102 = s. What is the units digit of n?
7
Suppose -38*o + 245732 = -27982. What is the units digit of o?
3
Suppose 12*y = -13*y + 29250. Suppose 17*i = 30*i - y. What is the units digit of i?
0
Let k(a) = 19*a + 5. Let q be (12/7 - 12/(-42)) + -8. Let d be (-14)/q*(-1)/(5/(-15)). What is the units digit of k(d)?
8
Let w be (-8)/(-16)*8/2. Suppose -1800 = -w*n - 3*i, 3*i - 365 - 538 = -n. What is the units digit of n?
7
Suppose -123*n + 1002252 = -1818630. What is the ten thousands digit of n?
2
Let y(b) = 38*b**2 + 115*b - 49. What is the thousands digit of y(20)?
7
Let u = -165 + 167. Suppose u*m = 509 + 81. What is the hundreds digit of m?
2
Let s(x) = -x**3 + 2*x**2 + 3*x + 48. Let z(l) = l**3 - l**2 - l - 24. Let k(n) = -2*s(n) - 5*z(n). What is the hundreds digit of k(-7)?
1
Let j be (-108)/90*5/2. Let v be (j/(-4))/((-2)/8). Let s(w) = -51*w - 10. What is the units digit of s(v)?
3
Suppose 0 = -2*q + 506 + 190. Let d = 919 - q. Let f = d - 385. What is the tens digit of f?
8
Let n be (70/15)/(2/687). Suppose 3*y - n = -4*y. Let q = y - 56. What is the units digit of q?
3
Let j be (5 - 1 - 8) + 8. Suppose 0 = -4*o + j*k + 304, k + 92 = 5*o - 268. What is the tens digit of o?
7
Suppose 62*p - 31*p + 2343432 = 118*p. What is the hundreds digit of p?
9
What is the units digit of (45136/(-12))/(3/(90/(-4)))?
0
Suppose 5*k - 2*k = 12. Suppose 18 = 4*c - 5*d, 5*d = -0 - 10. Suppose c*b + 5*v - k*v - 259 = 0, -3*v = b - 142. What is the hundreds digit of b?
1
Suppose 29*u = 28*u - 3. Let l be (-14)/(-4) - u/(-6). Suppose -l*t + 34 = -t. What is the units digit of t?
7
Suppose 839 = 13*y - 513. What is the tens digit of (-19734)/y*(32/(-3))/4?
0
Let q = 3881 + -1159. What is the units digit of q?
2
What is the thousands digit of (-2 - 2874879/(-98))/((-1)/(-2))?
8
Let t be 92105/39 + 8/6. Suppose 8*u - 6501 = t. What is the tens digit of u?
0
Let t = -30 + 34. Suppose 0 = -f - 3, -t*u + 212 = -5*u + 3*f. Let p = 329 + u. What is the hundreds digit of p?
1
Let z(k) = 3*k**2 + 76*k + 35. Let t be z(-25). Suppose -2*c - 4512 = -t*c. What is the units digit of c?
4
Suppose 0*u - 4 = -5*u + 4*b, 2*u - 3*b + 4 = 0. Suppose 0 = -3*g + 2*h + 2354, -h = u*g + 2*h - 3133. What is the hundreds digit of g?
7
Suppose -5*o - 2*l + 0*l + 2 = 0, 0 = -3*o + 4*l - 4. Suppose 3*q + g + 6 = o, -2 = -q + 2*g + 3. What is the tens digit of -388*((-3)/(-4) + q)?
9
Let r = -559 - -1721. Let g = r + -588. What is the tens digit of g?
7
Let u(g) = -3*g**2 - 19*g + 1. Let j be u(7). Let d = 472 + j. What is the tens digit of d?
9
Let r(s) = -2*s**2 - 74*s + 78. Let f be r(-33). Suppose 10*k - f = 9*k. What is the units digit of k?
2
Let j(o) = 9*o**2 + 3*o - 33. Let n(w) = -22*w**2 - 8*w + 82. Let v(u) = -12*j(u) - 5*n(u). Let m be v(-11). Let i = -97 + m. What is the units digit of i?
7
Let l(m) be the second derivative of 7*m**4/12 + 3*m**3/2 + 8*m**2 + m - 54. What is the tens digit of l(-5)?
4
Suppose -5*h = -3*x + 16560 + 1274, 5*h - 25 = 0. What is the tens digit of x?
5
Let k = 60750 + -18276. What is the ten thousands digit of k?
4
Suppose n = 5*g - 12, 0 = g + 10*n - 7*n - 12. What is the units digit of -12*61*g*16/(-48)?
2
Let i = -1990 + 6737. Suppose 15515 = 8*b + i. What is the thousands digit of b?
1
Let y(t) = 63 + 6*t + 29 + 22*t. What is the units digit of y(11)?
0
Let g = -70863 + 131048. What is the tens digit of g?
8
Let t = -136 + 139. Suppose -m + 1859 = 7*p - t*p, 3*p + 2*m - 1398 = 0. What is the units digit of p?
4
Let u = 1040 + 1153. What is the tens digit of u?
9
Suppose -48*t + 16 = -40*t. Supp